 -3. Calculate the greatest common divisor of 25 and s.
25
Let w(z) = -z. Let k(s) = -8*s + 4. Let b(y) = -k(y) + 4*w(y). Let l be b(3). What is the highest common factor of l and 24?
8
Suppose 5*g + 2*j - 55 = 0, -2*g = 6*j - j - 22. Suppose -5*h = -38 - 17. What is the greatest common factor of h and g?
11
Suppose 5*n - 45 = -0. Let v(z) = z**3 - 8*z**2 - 8*z. Let g be v(n). Calculate the highest common divisor of g and 9.
9
Suppose s - 1 = -5*f - 8, 2*s = -f - 5. Let l be (f - 4)*(0 + -1). Let p be -5*1*-2*1. What is the greatest common divisor of l and p?
5
Suppose 21 = 2*h - k, 4*h + 0*h + 5*k - 7 = 0. Calculate the greatest common factor of h and 8.
8
Let r(s) = s**3 - 9*s**2 + 7*s + 8. Let a be r(8). Suppose a = 5*k - 4*k - 9. What is the greatest common divisor of k and 63?
9
Suppose -34*v = -35*v + 108. Calculate the greatest common divisor of 12 and v.
12
Suppose -4*y + 39 = 27. Calculate the highest common divisor of 15 and y.
3
Let n be (-46)/(-3) + 4/6. Let l(h) = 15*h - 6. Let k be l(-5). Let u = k + 161. What is the greatest common divisor of u and n?
16
Let f(l) = 4*l**2 + 1. Let y be f(-1). Suppose 2*s - 4*s + 110 = 0. Calculate the greatest common factor of y and s.
5
Suppose -10 = -2*y + 2*x, 19 = 3*y - 7*x + 2*x. Calculate the highest common divisor of y and 21.
3
Let c(g) be the first derivative of g**3/3 + g**2 + 3*g - 7. Let t be c(-4). Calculate the highest common divisor of t and 66.
11
Let g be (-2 - -5)*(-16)/(-6). Suppose -2 = -5*w + g. Suppose -w*j - j = -15. What is the highest common factor of j and 40?
5
Let p be (-15)/3 + -2 + 1. Suppose 48 = 5*x + 2*s, -4*s + 8 = x - 2*x. Let o = x + p. Calculate the greatest common factor of 4 and o.
2
Let m(c) = -c + 7. Let k be m(5). Let w(s) = 1 + 4*s**2 - 2*s + 0 - 3*s**k. Let q be w(5). What is the highest common factor of q and 24?
8
Let p be (3 - 108/15)*-25. Suppose -4 + 0 = -2*y. Suppose y*l + l - p = 0. What is the highest common factor of 5 and l?
5
Let x be (-1)/((-148)/49 - -3). Let t = -23 + x. What is the highest common divisor of t and 182?
26
Let j = -20 - -33. Let u(p) = p**3 + 6*p**2 + 4*p - 5. Let b be u(-5). Suppose b = -3*a + j + 29. What is the highest common divisor of a and 14?
14
Let o(q) = q**2 - 1. Let g be o(5). Calculate the greatest common divisor of 32 and g.
8
Let i be (-6*6/(-8))/(22/440). Calculate the highest common divisor of 45 and i.
45
Let q be 2*2/4*2. Let a = 8 - q. Suppose -5*x = 4*t - 163, -5*t + a = 4*x - 200. What is the highest common divisor of 7 and t?
7
Suppose -5*b + 2*b = -27. Suppose 194 = 3*p - 49. Calculate the highest common factor of p and b.
9
Suppose i = -d + 3, -2*i + 5*d = i - 17. Suppose -i*l - 120 = -4*j, -2*l + 7 = j - 11. Calculate the greatest common divisor of j and 52.
26
Let v be -2*(-3)/6*2. Suppose 5*k + 2 + 5 = -4*l, -4*k - 16 = -v*l. Let r be 27 - k/(-2 + 5). Calculate the greatest common divisor of r and 14.
14
Suppose 0 = 2*r - 16 - 6. What is the greatest common factor of r and 121?
11
Suppose 0*r + 244 = 5*c - r, 2*c - 116 = 5*r. Suppose -4*l + l = c. Let v = l + 26. What is the greatest common divisor of 70 and v?
10
Let q(s) = 4*s**2 + 7*s - 1. Let y be q(-4). What is the greatest common factor of 14 and y?
7
Let y = 42 + -28. Let j be -4 + 60 - (0 - 1). Let b be 7/(-14) - j/(-2). Calculate the highest common divisor of y and b.
14
Let f be 2/(-10) - 21/(-5). Let x be (0 - -12)*(-28)/(-42). Calculate the highest common factor of f and x.
4
Suppose 3*n + 4 + 2 = 0. Let d = n - -2. Let h = d - -10. Calculate the highest common divisor of h and 2.
2
Let h be (-3)/2*(-314)/3. Suppose -37 + h = 4*n. What is the highest common factor of n and 6?
6
Let x be 6 - 5/((-20)/8). Calculate the highest common divisor of x and 40.
8
Let s(k) = -k + 3. Let q be s(-1). Calculate the highest common factor of 10 and q.
2
Let k = -10 + 14. What is the highest common factor of 36 and k?
4
Let p = 710 + -483. Let v = p - 128. What is the greatest common factor of 9 and v?
9
Let w(c) = -c - 5. Let p be w(-16). What is the highest common factor of 22 and p?
11
Let z = 28 + -22. Calculate the highest common divisor of z and 4.
2
Let n = 416 + -229. Suppose -3*d + 85 = 2*d. Calculate the highest common factor of n and d.
17
Let i = 10 - 9. Let s be 1*i/(-3)*-3. Calculate the highest common factor of 8 and s.
1
Suppose a = -4*n - 0*a + 21, 0 = -a + 5. Let q be 2/n*28 + 0. What is the highest common divisor of 28 and q?
14
Let i be 11*17 + (-2 - -3). Suppose 2*y = -7*a + 2*a + 242, -4*a = -4*y - i. What is the highest common factor of a and 6?
6
Let x be (18/8)/((-11)/(-44)). Suppose x = 5*w - 2*w. Calculate the highest common factor of 27 and w.
3
Let v = -4 + 6. Suppose -v*i - 2*i + 68 = 0. Calculate the highest common factor of 85 and i.
17
Let h = -34 + 22. Let l be 2*7/((-21)/h). Calculate the greatest common factor of l and 56.
8
Let b(z) = -2*z**2 + 30*z - 42. Let l be b(13). Calculate the highest common factor of l and 10.
10
Suppose 3*t - 2*r = 107, -2*t - 3*r = 3*t - 172. Calculate the greatest common factor of 5 and t.
5
Let o(v) = 5*v**2 - v + 2. Let c be o(1). Calculate the greatest common divisor of 24 and c.
6
Let o(p) = -p - 2. Let l be o(-4). Suppose 0*k + k = 17. Suppose -3*c + 8*c - l*y = 78, y - k = -c. Calculate the highest common divisor of c and 8.
8
Suppose 0 = -t, 12 = -2*i + 3*i + 5*t. Let o be (i/15)/(1/25). Suppose 4*n - 5*c - 8 = 0, -5*c = -3*c. What is the highest common factor of n and o?
2
Let f = 48 + -15. Suppose 4*o = 3*o. Suppose -2*k + n + o = -11, 2 = -k - n. What is the greatest common divisor of k and f?
3
Let f(s) = 3*s**2 - 25*s. Let p be f(9). Calculate the highest common factor of 12 and p.
6
Suppose -236 = -5*b + 2*i, -2*i + 4*i = b - 52. Suppose -4*m = -2*r + b, 0 = -4*r + 5*m + 73 + 4. What is the greatest common factor of 143 and r?
13
Let i be (-2)/5*(-1 - 4). Suppose 16 = -4*n, 5*h + 4*n = -355 + 1219. Suppose 0*b - h = -i*b. Calculate the greatest common factor of 8 and b.
8
Let n(o) = -o**3 + 4*o**2 + o + 1. Let j be n(4). Calculate the greatest common divisor of j and 1.
1
Suppose 0 + 6 = 3*h. Let v be h/(-9) - 65/(-9). Let j be 4/14 + 383/v. Calculate the highest common factor of j and 22.
11
Suppose -72 = -3*v - 15. Suppose 0 = 4*w + 3 - v. Calculate the greatest common divisor of 32 and w.
4
Let g(i) = 6*i**2 - i - 1. Let y be g(-1). Calculate the highest common divisor of y and 4.
2
Suppose -f + 6 = -15. Let u(x) = x**3 + 21. Let k = 3 + -3. Let y be u(k). Calculate the highest common divisor of y and f.
21
Let x = 4 - 2. Let p be (1/x)/(3/72). What is the greatest common divisor of p and 36?
12
Suppose 0 = -0*d + 4*d. Suppose d = h + 3*h - 4. Let q = 11 - 7. Calculate the highest common factor of q and h.
1
Suppose 0*n + 2 = n. Suppose f + 0*f = -y, -n*y = 3*f + 1. What is the greatest common divisor of 6 and y?
1
Let a = 18 + -22. Let k = a - -21. Calculate the highest common factor of k and 187.
17
Suppose 0 = -3*g - 2*w - 2*w + 296, 388 = 4*g + 2*w. Calculate the greatest common divisor of 12 and g.
12
Let n(d) = 6*d - 14. Let q be n(7). Calculate the highest common factor of 70 and q.
14
Suppose 5 = -f + 4*h, -3*f = -7*f - 3*h + 56. Suppose -f*a = -7*a. Let q = a - -10. Calculate the greatest common divisor of q and 15.
5
Let y be (1 - (4 + -2))*-1. Suppose 5*u = 4*s + 31, 9 = -3*u + 6*u. Let m be (-2)/(-3) - s/3. What is the greatest common factor of y and m?
1
Let w be 2/(4*(-1)/(-38)). What is the greatest common divisor of w and 95?
19
Let s(o) = -8*o - 1. Let w be s(-1). What is the greatest common factor of 49 and w?
7
Suppose u = -3*u - 16. Let y be (0 + u)/((-4)/26). Suppose 46 = 4*d + 2*x, -2*d + 4*x + 0 = -38. Calculate the greatest common factor of y and d.
13
Let m be (-35 - 1)*(-2)/3. Let j = m + -13. Let h(q) = 8*q - 7. Let t be h(16). Calculate the highest common divisor of t and j.
11
Suppose 6*q = q. Let p = 0 + q. Suppose p = -3*m + 18 - 0. What is the highest common divisor of 2 and m?
2
Let a(p) = -20*p + 1. Suppose 2*i + 12 = -2*f, 4*f = -f + 3*i - 30. Let b be (2/f)/(1/3). Let q be a(b). Calculate the highest common divisor of q and 7.
7
Suppose 0*f - 8 = -4*f. Suppose -2*l - 2*l + 5*j = -31, -l - f = 2*j. Calculate the greatest common di